1
Let z = 242 + -167. What is the units digit of z?
5
Suppose 5*l + 22 = 92. What is the units digit of l?
4
Suppose -2*g = -4*g + 2*o - 2, -4*g - o = -21. Suppose -g*a = -5*u - 24, 3*a - 5*u = 12 + 1. Suppose 4*k = -3 + a. What is the units digit of k?
2
Suppose p + p - 19 = -3*r, -2*p + 5*r + 43 = 0. Suppose h = 5 - p. What is the units digit of (-4)/(-2)*-1 - h?
7
Suppose 3*w + 9 = -9. Let y(l) = -l**2 - 6*l + 2. Let p be y(w). Suppose -6*z + 44 = -p*z. What is the units digit of z?
1
Suppose -4*b = -3*n + 55, -b = n + 2*n - 50. What is the tens digit of n?
1
Let t(m) = -16*m + 9. What is the units digit of t(-4)?
3
Let r(b) = 19*b - 1. Let u be r(2). Suppose 0 = -4*d + 51 + u. Suppose 4*s - d = -3*q, -3*s - 7 = -q - 30. What is the units digit of s?
7
Let u(h) = -14*h**3 + 38. Let o(f) = -5*f**3 + 13. Let t(z) = -17*o(z) + 6*u(z). Let a be 0*(2/(-4))/(-1). What is the units digit of t(a)?
7
Suppose 0 = -5*d + 4*l + 115, 3*d - 148 = -5*l - 42. What is the units digit of d?
7
Suppose 5*o + 6 = 7*o. Suppose t + 2*t - 3*u - 63 = 0, u - 51 = -o*t. What is the tens digit of t?
1
Suppose -4*z - 30 + 6 = 0. Let k = 3 - z. What is the units digit of k?
9
Let p(h) = h**3 - 9*h**2 + 8*h + 2. Let j be p(8). Suppose j*z - 25 = -3*z. What is the units digit of z?
5
Let m(h) = h**3 + 6*h**2 - 5*h - 5. Let n be m(-6). Let p(s) = -s**3 + 10*s**2 + s - 7. Let x be p(10). Suppose -x*o - 2*o = -n. What is the units digit of o?
5
Let n(v) = v**3 - 13*v**2 + 5*v + 4. What is the tens digit of n(13)?
6
Let j(l) = 5*l - 4*l + 2*l. Suppose -2*q + 4 = -0*q. What is the units digit of j(q)?
6
Let z = -58 + 183. What is the tens digit of z?
2
Let m(l) = 2*l + 6. Let c be m(-3). Suppose c = -f + 20 - 2. What is the tens digit of f?
1
Let t(b) = -50*b + 6. What is the units digit of t(-2)?
6
Let y(p) = -2*p - 9. Let j be y(-8). Suppose -43 = -4*g - j. What is the units digit of g?
9
Let y = -12 + 19. What is the units digit of y?
7
Let j(k) = 24*k - 5. What is the units digit of j(3)?
7
Suppose -4*f = -3*i - 453, 224 = 6*f - 4*f - 2*i. What is the units digit of f?
7
Let z = 148 + -60. What is the tens digit of z?
8
Let w(n) = 5*n**3 + n**2 - n - 1. Let m be w(-1). Let d(h) = -5 + 27*h + 0 - 33*h + 0. What is the tens digit of d(m)?
1
Let l = 13 - -11. Let c = -16 + l. What is the units digit of c?
8
Let u = -103 - -410. What is the hundreds digit of u?
3
Suppose 3*b - 4*y = 534, -5*b - 3*y + 861 = -0*y. What is the hundreds digit of b?
1
Suppose 0 = -4*p - 0*p + 12. Let q be (-2 - (p + -3)) + 1. Let r(k) = -13*k**3 - k**2 + k + 1. What is the units digit of r(q)?
2
Suppose 0*p = 5*p - 95. Suppose -p + 7 = -4*s. Suppose s*i - 3 = a, -3*i + 21 = -a + 3*a. What is the units digit of a?
6
Suppose 34 + 17 = g + 3*d, 2*g - 122 = -2*d. What is the tens digit of g?
6
Suppose -12 = -2*v + 76. What is the units digit of v?
4
Suppose 18*r = 20*r - 50. What is the tens digit of r?
2
Suppose 0 = -3*q - 2*u + 6, -5*u + 8 = -7. Suppose 6*z = z + 45. Suppose -3*l = -q*l - z. What is the units digit of l?
3
Let u = -41 + 113. What is the tens digit of u?
7
Let u(x) = -x**2 - 7*x - 3. Let z be u(-6). Suppose -z*m + 6*m - 36 = 0. What is the tens digit of m?
1
Suppose 6*j - 5*v - 20 = j, v = 2*j - 7. Let c = j - -12. What is the tens digit of c?
1
Suppose -3*f - 2*l - l = -18, -3*l = 5*f - 40. Let u = f + 1. What is the tens digit of u?
1
Let m = -2 + 4. Suppose -5*l + 5 = 5*a - m*l, -5*a + l = -5. What is the units digit of -2*(a - (4 + -2))?
2
Let y be ((-136)/10)/((-4)/10). Suppose 4*r - 190 = -y. What is the units digit of r?
9
Suppose 8 = -k + 24. What is the units digit of k?
6
Suppose -24*f + 28*f - 152 = 0. What is the units digit of f?
8
Suppose -4*u - 666 = -5*h - 5*u, 4*u = 4*h - 528. What is the units digit of h?
3
Suppose -1 - 3 = -4*p. Let d(c) = -c - 2. Let h be d(-4). What is the units digit of 1/(h - (p + 0))?
1
Let n(v) = 2*v - 4. Let y be n(4). Suppose -y = 3*s - 97. What is the units digit of s?
1
Let s(o) be the third derivative of -o**4/24 - 2*o**3/3 - o**2. What is the units digit of s(-6)?
2
Let f = 76 + -35. What is the units digit of f?
1
Let u = -4 - -17. What is the units digit of u?
3
Let k = -9 - -14. Let i = k + 0. What is the units digit of i?
5
Suppose 5*d + d = 72. What is the units digit of d?
2
What is the hundreds digit of ((-1424)/32)/((-1)/8)?
3
What is the units digit of 10/(-1 - 5/(-4))?
0
Suppose 4*g - 5*l - 121 = 0, 3*g - 2*g + 2*l = 40. What is the tens digit of g?
3
Let n = -1 - -5. Suppose 0 = 3*t - n*t + 12. What is the tens digit of t?
1
Let a = 46 - 23. Suppose 2*k - a = 15. What is the units digit of k?
9
Suppose 2*y - 4*i = -2*y + 40, 5*y + 5*i = 0. Suppose -2*u + 0*u = d - 17, -71 = -4*d - y*u. What is the units digit of d?
9
Let t(q) = -q + 7. Let a be t(6). Suppose -a = -p + 1. What is the units digit of p?
2
Suppose 5 = 5*h + 2*k, 0 + 2 = -h - k. Suppose 0 = h*t + 2*t - 50. What is the units digit of 88/t + (-3)/(-15)?
9
Suppose -3*x + p = -152, 4*x + 4*p - 66 - 110 = 0. What is the tens digit of x?
4
Let i(d) = 3*d - 13. What is the units digit of i(6)?
5
Let t(k) = -8*k - 1. Let f be t(-1). Suppose -23 = -4*q - f. What is the units digit of q?
4
Let m(s) = s**3 - 9*s**2 + 14*s - 4. What is the units digit of m(8)?
4
Let p be ((-24)/10)/((-3)/10). Let d = p - 4. Suppose -19 = -n + 2*n - d*o, 3*o = 5*n + 10. What is the units digit of n?
1
Suppose 0 = 25*o - 23*o - 158. What is the tens digit of o?
7
Let c(n) = n**3 - 6*n**2 - n - 2. Let r be c(7). Suppose 0 - 15 = -3*a. Suppose 0 = -a*u + r + 5. What is the units digit of u?
9
Let f(y) = -y + 1. Let s be f(-4). Suppose 2*r - s = -k, -3*r + 4*k - 6 = k. What is the units digit of r?
1
Suppose -8*v + 17*v - 162 = 0. What is the tens digit of v?
1
Let n be (8/10)/(-2)*5. Let l = 2 - n. What is the units digit of ((-22)/3)/(l/(-6))?
1
Suppose 3*a + 0*p = -p + 37, -12 = -3*p. What is the units digit of a?
1
Suppose -m = 3, 34 = -5*x + 3*m - 6*m. Let j = -3 - x. Suppose -7 = -j*u + 23. What is the tens digit of u?
1
Let q(n) = -2*n + 72. What is the tens digit of q(-24)?
2
Suppose 0 = 2*g + 3*x + 2*x + 2, 5*g - 3*x = 26. Suppose 0 = g*k - 12, 2*q + k - 3*k = 20. What is the units digit of q?
3
Suppose 26*p - 33*p + 1589 = 0. What is the hundreds digit of p?
2
Suppose -3*y + 4*y - 4 = 0. Suppose u - 5*u = 2*t - 42, -54 = -y*u + 2*t. Suppose -p + u = 2*p. What is the units digit of p?
4
Suppose 26*b - 1866 = 20*b. What is the units digit of b?
1
What is the units digit of 36/126 - -3*(-109)/(-7)?
7
Let i(z) = -z - 6. Let g be i(0). Let l(t) be the first derivative of -t**2/2 - 4*t - 12. What is the units digit of l(g)?
2
Suppose 3*s + 2*l = 7, -2*l = s + 3*l + 15. Let u be -2 + (1 + s - -2). Let t = 8 - u. What is the units digit of t?
2
Suppose -9 = -5*k + 2*k. Suppose 0 = k*x - 148 + 46. What is the tens digit of x?
3
Let c(i) = -i - 2. What is the units digit of c(-6)?
4
Let n be ((-30)/4)/((-9)/24). Let t = n - 6. What is the units digit of t?
4
Let c be (-6)/21 - (-116)/14. Suppose u + 4*f = 6*f + c, 2*u - 22 = 2*f. What is the units digit of u?
4
Let g = -86 - -130. What is the tens digit of g?
4
Let n(y) = -5*y + 8. Let p(x) = -11*x + 17. Let k(g) = 13*n(g) - 6*p(g). Suppose 1 = -c + i - 1, i = 4*c + 2. What is the units digit of k(c)?
2
Suppose 6*j = 5*j - 8. Let h = j + 15. What is the units digit of h?
7
Suppose 0*i + 2*i - 2 = 0. Suppose -3*p + 4*z + i = -2, -z = 2*p + 9. Let j(x) = x**2 + x - 1. What is the units digit of j(p)?
5
What is the units digit of 168/20 - (-2)/(-5)?
8
Let i = 74 + -1. What is the tens digit of i?
7
What is the units digit of (-4)/(-24) + (-5)/(-6) - -14?
5
Let x = -297 - -509. What is the tens digit of x?
1
Let t be (-204)/(-33) - 4/22. Suppose -5*f = 2*y - 6, 2*y + f + f - t = 0. What is the units digit of y?
3
Suppose 8*i + 4 = 10*i. Suppose 0*b - i*b = -30. What is the units digit of b?
5
Let f = -32 - -8. What is the units digit of 2/6 + (-640)/f?
7
Let j(m) = 2*m**3 - 14*m**2 + 4*m + 3. Let d be (-7)/1*(-5 - -4). What is the tens digit of j(d)?
3
Let f(c) = c**2 + 4*c - 19. What is the units digit of f(-10)?
1
Let b(u) = -u**2 + 2*u + 20. What is the units digit of b(0)?
0
Let a = 6 + -16. Let h = 14 + a. Suppose -y = -h + 3. What is the uni